ue
Let x(p) = 3*p**3 - 97*p**2 - 72*p - 879. Is x(49) composite?
True
Suppose 5*m - 29 = -3*p, 7*p - 2*p - 2*m = 7. Suppose p*b + 2*z - 24146 = 3143, b - 9092 = -5*z. Is b prime?
False
Let u = 1327 - -889. Suppose -4*p = -8532 + u. Is p prime?
True
Suppose 5*y = 3*b + 604925, -58*y + 62*y - 2*b - 483940 = 0. Is y prime?
False
Suppose 10184 = 2*c + 4746. Is c a prime number?
True
Let o(j) = 9*j + 9*j**2 - 5 - 13*j - 8*j**2 - 4*j**3. Let a(b) = -5*b**2 + b. Let z be a(-1). Is o(z) composite?
False
Let a = -40 - -13. Let q be 0 + -1 + a/(-3). Let j = 15 + q. Is j prime?
True
Suppose 0 = 17*v - 16*v - 357. Let f be ((-47)/(-3))/((-1)/(-6)). Is (f/(-6))/((-7)/v) prime?
False
Let v = 267 - 259. Suppose 5*k - q + 3*q = 2, 2*k = -4*q + 4. Suppose 2*z - v*z + 834 = k. Is z prime?
True
Suppose -45*x + 216452 = -41*x. Is x composite?
True
Let f(d) = -1030*d + 1985. Is f(-44) composite?
True
Let f = -22744 - -40523. Is f a prime number?
False
Let k(f) = -4*f + 3*f + 2*f + 8. Let s be k(-4). Suppose s*t - 2*m - m = 2726, 0 = -t + m + 681. Is t a prime number?
True
Let i = 1719 + 7788. Suppose -4*q = -i - 2213. Let h = q - 1587. Is h a composite number?
True
Let l(b) = 331*b. Suppose 5*m = 9*m + 4*h + 48, -4*h - 24 = m. Let g be (-10)/(-6) + m/12. Is l(g) composite?
False
Suppose -410*b = -27*b - 35653853. Is b composite?
True
Let n be (-4)/(-26) - 596130/13. Let m be n/(-12)*(-9)/(-12). Is m - ((1 - -5) + -1) prime?
True
Suppose -i - 4*u = 8, 3*u = i - u - 8. Suppose -l - 4*w = -4*l + 1, 5*w - 10 = i. Suppose 7*g = 4*g + 4*s + 971, -l*s = 3*g - 936. Is g a prime number?
True
Let t be 1/(-2 - 5684/(-2844)). Let j = 180 + t. Let b = 1000 + j. Is b a prime number?
False
Suppose 259 - 4072 = 3*n + 2*m, 5*m - 1288 = n. Let h = -422 - n. Is h composite?
True
Suppose 5*x = -2*r + 5, 2*r - 6*r = -x - 21. Suppose h - 4*h - 5*k + 187 = 0, r*h - 323 = 3*k. Suppose 866 + h = 6*p. Is p prime?
False
Let o(a) = a**2 - 7*a + 6. Let d be o(7). Is ((-11906)/d)/(24/(-72)) composite?
False
Suppose -39*l + 17668507 + 29999933 = 81*l. Is l a composite number?
False
Is 4/7*(-21 + (-852369)/(-6)) a prime number?
False
Suppose 4*w - 2*j = 128, -11*w + 72 = -9*w + 3*j. Is (-79371)/15*(-110)/w a composite number?
True
Let c(q) = -7 + 386*q**2 + 82*q**2 + 12 + 58*q**2 - 4*q. Is c(2) a prime number?
False
Let o = 134079 + -69580. Is o composite?
False
Is 4880 - (-198)/(-15 - 7) prime?
True
Suppose -6*n + n = -25. Suppose -3*m = -n*k - 21, -3*m + 5 = -4*k - 13. Suppose 498 - 116 = m*f. Is f prime?
True
Is ((-188211510)/180)/((-2)/4) a prime number?
True
Suppose 12*c - 23345 = -84317. Let n = 4484 - c. Is n a composite number?
True
Let a = -340 + 236. Let y = 791 - a. Suppose 2*u + 0*l - y = l, 4*u - 3*l = 1791. Is u a prime number?
False
Let h(q) = 49849*q + 310. Is h(7) a prime number?
False
Suppose 227 = 16*u - 125. Suppose u*d - 3065 = 17*d. Is d prime?
True
Let h = -21592 + 137831. Is h prime?
True
Suppose 3*h - 12977 = 71005. Is h prime?
False
Let q = 167 + -161. Suppose 0 = b + 1, -p = -q*b + 10*b - 6139. Is p a composite number?
False
Let w(d) = -7*d + 3. Let i(v) = -15*v + 6. Let j(y) = -6*i(y) + 13*w(y). Let n be j(8). Is (2*3/6)/(n/(-3445)) prime?
False
Is 13 - 4 - 15 - -106657 a composite number?
True
Let a(x) = 105*x**2 + 13*x - 35. Let l be (-22)/121 - 158/(-22). Is a(l) a prime number?
False
Let c be 316252/20 + (-15)/25. Is c/3 + (-7)/((-63)/(-15)) prime?
False
Suppose -22*z + 35 = -15*z. Suppose -5*n + z*p = -6325, -2*n = -5*n - 5*p + 3811. Is n composite?
True
Let p(m) = 11*m**2 + 2*m - 21. Let q be p(7). Let v = 2241 - q. Is v a composite number?
False
Let x(z) = 500*z**2 - 20*z + 49. Let p(d) = -d**2 - 7*d + 3. Let q be p(-7). Is x(q) a composite number?
True
Let n(r) = r**3 + 50*r**2 + 48*r - 45. Let a be n(-49). Suppose 0 = -5*l - o + 36961, 2*o - 8985 = -a*l + 20579. Is l a prime number?
True
Suppose 4*a + 17 = 3*a - 4*p, -3 = 4*a + 3*p. Suppose -13*b = -9*b - 3*z - 290, -4*z = -a*b + 214. Is b a composite number?
True
Suppose -2656 - 536 = 8*c. Let r = -2613 - -3701. Let l = c + r. Is l a composite number?
True
Suppose -6*g + 29870 = 3*i - 41557, -3*i - 5*g = -71429. Is i a composite number?
False
Is (4670393/8 - (-20 + (-1288)/(-64))) + 2 prime?
True
Suppose -4*v + 144269 = -104487. Is v prime?
True
Let b(r) = 1327*r**2 - 12*r + 49. Is b(4) a composite number?
True
Suppose -8*c + 48328 = -5*v - 6*c, -c = -3*v - 28996. Let p = 19197 + v. Is p prime?
True
Let a = -107 + 110. Let t(c) = -c**3 - c**2 + 16*c + 10. Let l be t(-11). Suppose l + 4659 = a*d. Is d composite?
False
Let u be (30/12)/(1/2). Suppose u = -q - 5. Let b(k) = k**3 + 18*k**2 + 24*k + 23. Is b(q) a prime number?
False
Suppose -1018670 = -5*q - 5*l, 2*q - 4*l + 7704 - 415214 = 0. Is q a composite number?
True
Let c(i) = 1072*i**2 + 124*i + 2183. Is c(-27) prime?
True
Let n = 62 + -45. Suppose n = i + 15. Suppose 5*b - 3759 = i*b. Is b a composite number?
True
Suppose -k = -3*d - 45778, 9 - 13 = -4*d. Is k composite?
True
Let a(k) = 4*k**2 - 16*k + 94. Let z be a(-18). Suppose t + z = 4*h, 1051 + 212 = 3*h - 3*t. Is h a composite number?
False
Let g(l) be the second derivative of -90*l**3 - 24*l**2 - 5*l. Let c be g(-11). Suppose 4*o + r + 3*r - c = 0, 20 = -5*r. Is o prime?
False
Let f = -331 + 341. Is 5 + (-11735)/f*-4 composite?
True
Suppose 18456 = -7*p + 154256. Suppose -5*z = -p - 35145. Is z a composite number?
False
Let d(i) = -i**3 + 4*i**2 + 48*i - 211. Let x be d(5). Let a be (-9441)/(-3) + 0/3. Suppose -3*m = -7*m + x, f - a = 2*m. Is f a prime number?
False
Let y = 33 + -29. Suppose y*m + 16 + 5 = 5*x, -1 = -m. Suppose 4*f + 545 = l, 4*l + x*f - 570 - 1673 = 0. Is l prime?
True
Let t(a) be the second derivative of 2*a**5/5 - 7*a**4/12 + 2*a**3/3 + a**2 + 9*a. Let u be t(5). Suppose u = -7*c + 7910. Is c a composite number?
False
Suppose -5*x - 6*p + 3*p = -33, -2*x + 13 = p. Let a = 9 - x. Suppose -2039 = -5*s + 2*q, 959 = a*s + q - 260. Is s a composite number?
True
Suppose 5*h - 406 = -386. Suppose -8 = 4*n, 33577 = h*b - 4*n - 2427. Is b prime?
True
Suppose 15*s - 951968 = -3*z + 16*s, 0 = -4*z - 3*s + 1269269. Is z a composite number?
False
Suppose -g + t = -29644 + 2742, 3*g = -5*t + 80714. Is g prime?
True
Suppose 17*q = 21*q + 1972. Let i = 868 - q. Is i a composite number?
False
Let d(b) = -b**3 - 35*b**2 - 5*b - 177. Let p be d(-35). Is 7/p*(-65502)/63 a composite number?
True
Suppose -8535076 + 25489315 = 77*s - 13913290. Is s a prime number?
False
Let f(r) = -2453*r + 185. Let u be f(23). Is (-18)/(-45)*(-1 - u/4) a prime number?
True
Suppose 200 = 2*x - 414. Suppose x*w - 311*w + 38372 = 0. Is w prime?
False
Let g(a) = 493*a**3 - 32*a**2 - 23*a + 629. Is g(18) composite?
True
Let v be (-6850157)/(-451) + 4/22. Suppose 28*x = -v + 491833. Is x composite?
True
Let i(f) = -261*f**2 - f - 2. Let r be i(-3). Suppose -57*o - 100380 - 167064 = 0. Is (-1)/(o/r - 2) prime?
True
Let z(u) = -13308*u - 8477. Is z(-8) prime?
True
Let r(m) = -m**3 + 26*m**2 + m - 28. Let h be r(26). Is (5042/(-3))/((-24)/9 - h) prime?
True
Is (-1440)/(-1560) - 1012754/(-26) a prime number?
True
Suppose -n = n - 5*q + 6187, -12367 = 4*n - 3*q. Let c = n + 12992. Is c a prime number?
True
Let k(o) = o**3 - 25*o**2 - 23*o + 121. Let j be k(25). Is (-186 + 166)*(j/8 - -1) prime?
False
Let h = 29 + -29. Suppose 6*a + 0*a - 31776 = h. Suppose -4*k + 0*l + a = -5*l, -2*k - l + 2634 = 0. Is k composite?
False
Suppose -3*j - 13*s = -11*s - 59547, 7*j - 4*s - 138917 = 0. Is j prime?
False
Let i(c) = 3*c**3 + 2*c**2 + 3*c + 4. Let s be i(-3). Let n = s + 74. Suppose 10*q = n*q + 556. Is q prime?
True
Let z = -232 - -243. Let l = 1200 - z. Is l a prime number?
False
Suppose 5*c - 1570538 = d, -2*d = -246 + 252. Is c composite?
False
Let p be (-2)/((-3)/(6258/(-4))). Let t = 1556 - p. Is t a prime number?
False
Suppose -36*w + 44*w = -48. Is 2/(4/(-43116)*w) prime?
True
Suppose 57 = 5*i + 2. Let g(h) = -68*h**2 - 20*h - 63. Let u(a) = 22*a**2 + 6*a + 21. Let j(l) = 2*g(l) + 7*u(l). Is j(i) a prime number?
True
Let r = -353731 + 629242. Is r prime?
False
Is (45476/(-12))/((-2)/102) a composite number?
True
Is 5*(-1791)/(-12) - 55/220 a composite number?
True
Let w(l) = l + 3. Let n(s) = s**2 + 7*s - 9. Let g be n(-